{"id":103,"date":"2021-08-14T16:25:58","date_gmt":"2021-08-14T16:25:58","guid":{"rendered":"https:\/\/www.citvgrupojjsac.com\/citv\/?page_id=103"},"modified":"2021-08-23T21:20:19","modified_gmt":"2021-08-23T21:20:19","slug":"cronograma","status":"publish","type":"page","link":"https:\/\/www.citvgrupojjsac.com\/citv\/cronograma\/","title":{"rendered":"Cronograma"},"content":{"rendered":"<body>\t\t<div data-elementor-type=\"wp-page\" data-elementor-id=\"103\" class=\"elementor elementor-103\">\n\t\t\t\t\t\t<section class=\"elementor-section elementor-top-section elementor-element elementor-element-e59fcbf elementor-section-boxed elementor-section-height-default elementor-section-height-default\" data-id=\"e59fcbf\" data-element_type=\"section\" data-e-type=\"section\">\n\t\t\t\t\t\t<div class=\"elementor-container elementor-column-gap-default\">\n\t\t\t\t\t<div class=\"elementor-column elementor-col-100 elementor-top-column elementor-element elementor-element-61ef490\" data-id=\"61ef490\" data-element_type=\"column\" data-e-type=\"column\">\n\t\t\t<div class=\"elementor-widget-wrap elementor-element-populated\">\n\t\t\t\t\t\t<div class=\"elementor-element elementor-element-7dcf25f elementor-view-default elementor-widget elementor-widget-icon\" data-id=\"7dcf25f\" data-element_type=\"widget\" data-e-type=\"widget\" data-widget_type=\"icon.default\">\n\t\t\t\t<div class=\"elementor-widget-container\">\n\t\t\t\t\t\t\t<div class=\"elementor-icon-wrapper\">\n\t\t\t<div class=\"elementor-icon\">\n\t\t\t<i aria-hidden=\"true\" class=\"fas fa-car\"><\/i>\t\t\t<\/div>\n\t\t<\/div>\n\t\t\t\t\t\t<\/div>\n\t\t\t\t<\/div>\n\t\t\t\t\t<\/div>\n\t\t<\/div>\n\t\t\t\t\t<\/div>\n\t\t<\/section>\n\t\t\t\t<section class=\"elementor-section elementor-top-section elementor-element elementor-element-963d091 elementor-section-boxed elementor-section-height-default elementor-section-height-default\" data-id=\"963d091\" data-element_type=\"section\" data-e-type=\"section\">\n\t\t\t\t\t\t<div class=\"elementor-container elementor-column-gap-default\">\n\t\t\t\t\t<div class=\"elementor-column elementor-col-100 elementor-top-column elementor-element elementor-element-1ec74f0\" data-id=\"1ec74f0\" data-element_type=\"column\" data-e-type=\"column\">\n\t\t\t<div class=\"elementor-widget-wrap elementor-element-populated\">\n\t\t\t\t\t\t<div class=\"elementor-element elementor-element-2051f1d elementor-widget elementor-widget-heading\" data-id=\"2051f1d\" data-element_type=\"widget\" data-e-type=\"widget\" data-widget_type=\"heading.default\">\n\t\t\t\t<div class=\"elementor-widget-container\">\n\t\t\t\t\t<h2 class=\"elementor-heading-title elementor-size-default\">\u00a1Pasa tu inspecci\u00f3n con nosotros!<\/h2>\t\t\t\t<\/div>\n\t\t\t\t<\/div>\n\t\t\t\t\t<\/div>\n\t\t<\/div>\n\t\t\t\t\t<\/div>\n\t\t<\/section>\n\t\t\t\t<section class=\"elementor-section elementor-top-section elementor-element elementor-element-af629f2 elementor-section-boxed elementor-section-height-default elementor-section-height-default\" data-id=\"af629f2\" data-element_type=\"section\" data-e-type=\"section\">\n\t\t\t\t\t\t<div class=\"elementor-container elementor-column-gap-default\">\n\t\t\t\t\t<div class=\"elementor-column elementor-col-100 elementor-top-column elementor-element elementor-element-aa9891c\" data-id=\"aa9891c\" data-element_type=\"column\" data-e-type=\"column\">\n\t\t\t<div class=\"elementor-widget-wrap elementor-element-populated\">\n\t\t\t\t\t\t<div class=\"elementor-element elementor-element-29e5425 elementor-widget elementor-widget-image\" data-id=\"29e5425\" data-element_type=\"widget\" data-e-type=\"widget\" data-widget_type=\"image.default\">\n\t\t\t\t<div class=\"elementor-widget-container\">\n\t\t\t\t\t\t\t\t\t\t\t\t\t\t\t<img loading=\"lazy\" decoding=\"async\" width=\"1000\" height=\"1000\" src=\"https:\/\/i0.wp.com\/www.citvgrupojjsac.com\/citv\/wp-content\/uploads\/2021\/08\/Cronograma.png?fit=1000%2C1000&amp;ssl=1\" class=\"attachment-large size-large wp-image-777\" alt=\"\" srcset=\"https:\/\/i0.wp.com\/www.citvgrupojjsac.com\/citv\/wp-content\/uploads\/2021\/08\/Cronograma.png?w=1000&amp;ssl=1 1000w, https:\/\/i0.wp.com\/www.citvgrupojjsac.com\/citv\/wp-content\/uploads\/2021\/08\/Cronograma.png?resize=300%2C300&amp;ssl=1 300w, https:\/\/i0.wp.com\/www.citvgrupojjsac.com\/citv\/wp-content\/uploads\/2021\/08\/Cronograma.png?resize=150%2C150&amp;ssl=1 150w, https:\/\/i0.wp.com\/www.citvgrupojjsac.com\/citv\/wp-content\/uploads\/2021\/08\/Cronograma.png?resize=768%2C768&amp;ssl=1 768w\" sizes=\"auto, (max-width: 1000px) 100vw, 1000px\" loading=\"lazy\">\t\t\t\t\t\t\t\t\t\t\t\t\t\t\t<\/div>\n\t\t\t\t<\/div>\n\t\t\t\t\t<\/div>\n\t\t<\/div>\n\t\t\t\t\t<\/div>\n\t\t<\/section>\n\t\t\t\t<section class=\"elementor-section elementor-top-section elementor-element elementor-element-6d81f8f elementor-section-boxed elementor-section-height-default elementor-section-height-default\" data-id=\"6d81f8f\" data-element_type=\"section\" data-e-type=\"section\">\n\t\t\t\t\t\t<div class=\"elementor-container elementor-column-gap-default\">\n\t\t\t\t\t<div class=\"elementor-column elementor-col-100 elementor-top-column elementor-element elementor-element-80955f9\" data-id=\"80955f9\" data-element_type=\"column\" data-e-type=\"column\">\n\t\t\t<div class=\"elementor-widget-wrap elementor-element-populated\">\n\t\t\t\t\t\t<div class=\"elementor-element elementor-element-6d75590 elementor-widget elementor-widget-text-editor\" data-id=\"6d75590\" data-element_type=\"widget\" data-e-type=\"widget\" data-widget_type=\"text-editor.default\">\n\t\t\t\t<div class=\"elementor-widget-container\">\n\t\t\t\t\t\t\t\t\t<p style=\"text-align: center;\"><span style=\"color: #ffffff;\">Desglosado de la R.D. N\u00b0 11645-2008\/MTC\/15 \u2013 Anexo 1<\/span><\/p>\t\t\t\t\t\t\t\t<\/div>\n\t\t\t\t<\/div>\n\t\t\t\t\t<\/div>\n\t\t<\/div>\n\t\t\t\t\t<\/div>\n\t\t<\/section>\n\t\t\t\t<section class=\"elementor-section elementor-top-section elementor-element elementor-element-f8a61c7 elementor-section-boxed elementor-section-height-default elementor-section-height-default\" data-id=\"f8a61c7\" data-element_type=\"section\" data-e-type=\"section\">\n\t\t\t\t\t\t<div class=\"elementor-container elementor-column-gap-default\">\n\t\t\t\t\t<div class=\"elementor-column elementor-col-100 elementor-top-column elementor-element elementor-element-6164f5b\" data-id=\"6164f5b\" data-element_type=\"column\" data-e-type=\"column\">\n\t\t\t<div class=\"elementor-widget-wrap elementor-element-populated\">\n\t\t\t\t\t\t<div class=\"elementor-element elementor-element-55fa5cb elementor-widget elementor-widget-heading\" data-id=\"55fa5cb\" data-element_type=\"widget\" data-e-type=\"widget\" data-widget_type=\"heading.default\">\n\t\t\t\t<div class=\"elementor-widget-container\">\n\t\t\t\t\t<h2 class=\"elementor-heading-title elementor-size-default\">NOTA:<\/h2>\t\t\t\t<\/div>\n\t\t\t\t<\/div>\n\t\t\t\t\t<\/div>\n\t\t<\/div>\n\t\t\t\t\t<\/div>\n\t\t<\/section>\n\t\t\t\t<section class=\"elementor-section elementor-top-section elementor-element elementor-element-daba779 elementor-section-boxed elementor-section-height-default elementor-section-height-default\" data-id=\"daba779\" data-element_type=\"section\" data-e-type=\"section\">\n\t\t\t\t\t\t<div class=\"elementor-container elementor-column-gap-default\">\n\t\t\t\t\t<div class=\"elementor-column elementor-col-100 elementor-top-column elementor-element elementor-element-d76264d\" data-id=\"d76264d\" data-element_type=\"column\" data-e-type=\"column\">\n\t\t\t<div class=\"elementor-widget-wrap elementor-element-populated\">\n\t\t\t\t\t\t<div class=\"elementor-element elementor-element-8897000 elementor-widget elementor-widget-text-editor\" data-id=\"8897000\" data-element_type=\"widget\" data-e-type=\"widget\" data-widget_type=\"text-editor.default\">\n\t\t\t\t<div class=\"elementor-widget-container\">\n\t\t\t\t\t\t\t\t\t<p><span style=\"color: #ffffff;\">Las subsiguientes revisiones t\u00e9cnicas(anuales, semestrales o trimestrales) deber\u00e1n hacerse antes del vencimiento del certificado de inspecci\u00f3n t\u00e9cnica vehicular, fecha que figurar\u00e1 impresa en el certificado que se entrega al usuario.<\/span><\/p><p><strong><span style=\"color: #ffffff;\">Frecuencia y cronograma de las inspecciones T\u00e9cnicas Vehiculares y vigencia del Certificado de Inspecci\u00f3n T\u00e9cnica Vehicular.<\/span><\/strong><\/p><p><span style=\"color: #ffffff;\">Las Inspecciones T\u00e9cnicas Vehiculares se realizan de acuerdo a la categor\u00eda, funci\u00f3n y antig\u00fcedad de los veh\u00edculos.<\/span><br><span style=\"color: #ffffff;\">La antig\u00fcedad del veh\u00edculo se cuenta a partir del a\u00f1o siguiente de fabricaci\u00f3n consignado en la Tarjeta de Propiedad o Tarjeta de Identificaci\u00f3n Vehicular.<\/span><\/p><p>\u00a0<\/p>\t\t\t\t\t\t\t\t<\/div>\n\t\t\t\t<\/div>\n\t\t\t\t\t<\/div>\n\t\t<\/div>\n\t\t\t\t\t<\/div>\n\t\t<\/section>\n\t\t\t\t<\/div>\n\t\t<\/body>","protected":false},"excerpt":{"rendered":"<p>\u00a1Pasa tu inspecci\u00f3n con nosotros! Desglosado de la R.D. N\u00b0 11645-2008\/MTC\/15 &#8211; Anexo 1 NOTA: Las subsiguientes revisiones t\u00e9cnicas(anuales, semestrales o trimestrales) deber\u00e1n hacerse antes del vencimiento del certificado de&hellip;<\/p>\n","protected":false},"author":1,"featured_media":0,"parent":0,"menu_order":0,"comment_status":"closed","ping_status":"closed","template":"","meta":{"om_disable_all_campaigns":false,"footnotes":""},"class_list":["post-103","page","type-page","status-publish","hentry"],"jetpack_sharing_enabled":true,"_links":{"self":[{"href":"https:\/\/www.citvgrupojjsac.com\/citv\/wp-json\/wp\/v2\/pages\/103","targetHints":{"allow":["GET"]}}],"collection":[{"href":"https:\/\/www.citvgrupojjsac.com\/citv\/wp-json\/wp\/v2\/pages"}],"about":[{"href":"https:\/\/www.citvgrupojjsac.com\/citv\/wp-json\/wp\/v2\/types\/page"}],"author":[{"embeddable":true,"href":"https:\/\/www.citvgrupojjsac.com\/citv\/wp-json\/wp\/v2\/users\/1"}],"replies":[{"embeddable":true,"href":"https:\/\/www.citvgrupojjsac.com\/citv\/wp-json\/wp\/v2\/comments?post=103"}],"version-history":[{"count":4,"href":"https:\/\/www.citvgrupojjsac.com\/citv\/wp-json\/wp\/v2\/pages\/103\/revisions"}],"predecessor-version":[{"id":781,"href":"https:\/\/www.citvgrupojjsac.com\/citv\/wp-json\/wp\/v2\/pages\/103\/revisions\/781"}],"wp:attachment":[{"href":"https:\/\/www.citvgrupojjsac.com\/citv\/wp-json\/wp\/v2\/media?parent=103"}],"curies":[{"name":"wp","href":"https:\/\/api.w.org\/{rel}","templated":true}]}}